
118
Suppose 0 = -2*f + 6*m + 4724, -37*f + 33*f - 4*m = -9432. What is the remainder when f is divided by 215?
209
Let p(q) = -2*q**3 - 2*q**2 + 2*q + 17. What is the remainder when p(-3) is divided by 8?
7
Let h = -7 + -2. Let v(g) = -22*g - 136. Calculate the remainder when 101/3 - (-6)/h is divided by v(-7).
15
Calculate the remainder when 4197 is divided by ((20 - 7 - 18)*-2)/((-1)/(-4)).
37
Let u(o) = o**3 + 6*o**2 + 2*o - 9. Suppose -28*y = -27*y - 11. Suppose 2 = -y*c - 53. What is the remainder when u(c) is divided by 5?
1
Suppose -29*h + 189 = -26*h. Suppose h = 8*o + o. Calculate the remainder when 30 is divided by o.
2
Suppose 824 = 3*r - 1174. Calculate the remainder when r is divided by 85.
71
Let r(w) = w**3 - w**2 - w + 1. Let h(u) = 5*u**3 - 4*u**2 - 5*u + 6. Let c(a) = h(a) - 4*r(a). Calculate the remainder when 228 is divided by c(3).
20
Let h = -18142 + 18179. What is the remainder when 522 is divided by h?
4
Let n = -8848 - -8978. Calculate the remainder when 270 is divided by n.
10
Suppose -5*p - 3*i + 872 = -1000, -2*p + 3*i = -732. Calculate the remainder when 1347 is divided by p.
231
Let k = 9442 - 9092. What is the remainder when k is divided by 27?
26
Let l(u) = 400*u + 4950. Calculate the remainder when 1764 is divided by l(-12).
114
Let s(k) = -7*k**2 + 220*k + 156. Calculate the remainder when 212 is divided by s(32).
16
Suppose -l + 0*f - 1087 = 3*f, 0 = 4*l + 2*f + 4348. Let b = 1929 + l. Calculate the remainder when b is divided by 94.
90
Let d = -553 - -667. Let l = d + -28. What is the remainder when 340 is divided by l?
82
Let n = -526 + 550. Suppose 0 = n*t - 243 - 285. Calculate the remainder when 107 is divided by t.
19
Let a(y) = y + 11. Let r be a(-6). Suppose -6*k - r*t = -3*k - 101, -4*k + 152 = -2*t. Calculate the remainder when 221 is divided by k.
36
Suppose -51*w - 44*w + 109*w - 70 = 0. Calculate the remainder when 3165 is divided by w.
0
Let r(w) = 6*w + 4. Let o be r(4). Let g = -89 + o. Let b = g + 110. What is the remainder when b is divided by 13?
10
Let p = -326 + 338. Suppose p = n - 42. Calculate the remainder when n is divided by 39.
15
Suppose 0 = -83*w + 87*w - 140. Calculate the remainder when 33 is divided by 63/6 + w/14.
7
Suppose -2954 = -4*b + 5*a, 3*b - 1840 = 4*a + 376. Calculate the remainder when b is divided by 21.
1
Let v(i) = -i**3 - 7*i**2 - i - 3. Let k = -20 + 13. What is the remainder when (189/(-168))/(-3) + -1*202/(-16) is divided by v(k)?
1
Let s(q) = 15*q**2 + 33*q + 134. Calculate the remainder when 999 is divided by s(-3).
149
Suppose -11 - 16 = -9*f. Suppose 0 = -f*y - y - 4*m - 540, -4*m = 12. Calculate the remainder when 12 is divided by (y/18)/(4/(-6)).
1
Let p = -20845 + 20914. What is the remainder when 894 is divided by p?
66
Suppose 13*r + 15*r - 63*r = -45710. Calculate the remainder when r is divided by 338.
292
Let z(g) = -1. Let r(c) = c**2 - 6*c + 3. Let y(i) = -r(i) - 5*z(i). Let q be y(6). Suppose -j - q*j + 123 = 0. What is the remainder when 163 is divided by j?
40
Suppose q = 4*v - 1 - 7, 4*q + 6 = 3*v. What is the remainder when (10/(-5))/(v/(-14)) is divided by 4?
2
Let y = 21 - 17. Suppose o - 3*s = -o - 398, 3*o + 595 = y*s. Let q = -98 - o. Calculate the remainder when q is divided by 24.
23
Let f be -4 + -1 + 174/(4 - -2). Let g = 29 - f. Calculate the remainder when 52 is divided by g.
2
Let l be 1143 - (-3 + (-12)/(-2)). Suppose -13*c + 69 + l = 0. Calculate the remainder when c is divided by 32.
29
Let b(i) = -2*i**2 + 109*i - 1328. What is the remainder when 323 is divided by b(21)?
7
Let p(m) = -48*m - 394. Let t = -833 + 824. Let z(h) = -3*h**3 - 4*h**2 + 5*h + 3. What is the remainder when z(-4) is divided by p(t)?
35
Let u = 17740 - 16727. What is the remainder when u is divided by 321?
50
What is the remainder when 175 is divided by -1 - ((-124 - -14) + 2)?
68
Let q = 3132 - 2996. What is the remainder when q is divided by 58?
20
Let q(v) = -32*v + 907. What is the remainder when q(22) is divided by 41?
39
Suppose 4*f + 10 = 22. Suppose 7*d - 52 = -f. Suppose d = x - 46. What is the remainder when x is divided by 14?
11
Suppose 2*p - 26 = -2*b - 0*b, 3*p - 21 = 3*b. Suppose 0 = 7*j + 2*w - 1012, -5*w - 317 = -j - j. What is the remainder when j is divided by p?
6
Suppose 14770 + 64274 = 84*u. Calculate the remainder when u is divided by 47.
1
Suppose 0 = -2*k - 14*k + 4640. Calculate the remainder when k is divided by 59.
54
Suppose -96 = -3*p + m, 0 = -p - m + 34 - 2. What is the remainder when p is divided by (-18)/((-14)/91 + ((-1760)/(-312))/(-11))?
5
Suppose -390 = l - 6*l. Suppose -2*q = 2*d - 0*d - 30, -5*d - l = -4*q. Let g(i) = 3*i**2 - 3*i + 23. Calculate the remainder when g(5) is divided by q.
15
Suppose 0 = -11*s + 385 - 1397. Calculate the remainder when ((-54)/(-4))/1*s/(-138) is divided by 5 - -1*(0 + -1).
1
Suppose -153*g + 148*g = 2*c - 20, 0 = c - 4*g - 36. Suppose 126*s - c = 121*s. What is the remainder when 80 is divided by s?
0
Let d(q) = q**2 - 11*q - 338. What is the remainder when d(-40) is divided by 122?
116
Suppose 3*n + 2*a - 16 = 0, 3 = -2*n - 5*a - 1. Let x be 1/14*7*130. Suppose -g - 37 = -x. What is the remainder when g is divided by n?
4
Suppose v = -24*v + 75. Suppose -v*y + 206 = 2*z - 6*y, z - 125 = -4*y. What is the remainder when z is divided by 22?
21
Let m(q) = q**3 + 7*q**2 + 22*q + 36. Let y be m(-4). Let x(v) = -2*v - 8 + 32 + 4*v. What is the remainder when 77 is divided by x(y)?
13
Suppose 20*v + 443 = 83. Let r(z) = -z**2 - 23*z - 73. Calculate the remainder when 111 is divided by r(v).
9
Let o be (3 - 1 - -3) + 2 + 209. Suppose -244 = -23*d + o. Calculate the remainder when 110 is divided by d.
10
Suppose -15 = -2*w - 5. Suppose 4*r - 67 = 3*m, -w*r + 5*m + 77 = -r. Let f = 511 + -463. Calculate the remainder when f is divided by r.
9
Let x(d) = -3*d - 34. Let m be x(-12). Suppose -4 = -m*h + 16. What is the remainder when 24 is divided by h?
4
Let k(z) = 20*z - 212. Suppose -u + 5*u = -5*o - 25, 2*u = -2*o - 10. Suppose u*b + 18 = b. What is the remainder when k(14) is divided by b?
14
Let n(c) be the first derivative of -c**4/2 + 2*c**3/3 + 3*c**2 - 5*c - 222. What is the remainder when n(-3) is divided by 9?
4
Suppose 14*x - 3*x + 627 = 0. Let a be (-1055)/15 + 2/6. Let p = x - a. What is the remainder when 62 is divided by p?
10
Suppose 3*i - 35 = 127. Let p(t) = 173*t - 99. What is the remainder when p(1) is divided by i?
20
Let w be (0 + 1)/(-5) - 505/(-25). Suppose -18*g - 4 = -w*g. Suppose -g*c - 3 + 5 = 0. What is the remainder when c is divided by 1?
0
Let d(l) = l**2 + 4*l + 1. Let w(r) = -r**3 - 6*r**2 + 2*r + 18. Let k be w(-6). Calculate the remainder when d(3) is divided by 10 + (12/(-10))/(k/20).
4
Let l(k) = k**3 - 6*k**2 + 7*k + 3. Let c be l(6). Let z = c - -1. Let a = 1265 + -1257. Calculate the remainder when z is divided by a.
6
Let g(n) = -20*n - 20. Let d = 388 - 260. Let s = -130 + d. Calculate the remainder when g(s) is divided by 10.
0
What is the remainder when (3 - 9628/(-16)) + (7 - 138/24) is divided by 190?
36
Let z(g) = -42*g**2 - 3*g + 2. Let t be z(1). Let m = t - -53. Suppose -9*u + m*u - 29 = 0. What is the remainder when u is divided by 9?
2
Let n(c) = 4*c**3 - 9*c**2 + 3*c - 6. Calculate the remainder when n(5) is divided by (-4 - 44/(-4)) + 0.
4
Suppose 22*o - 14374 - 3094 = 0. Let i = -788 + o. Calculate the remainder when 32 is divided by i.
2
Suppose 25*q - 105*q = -49920. What is the remainder when q is divided by 308?
8
Suppose -184 = 11*v - 316. Suppose 9*z = 3*z + 144. What is the remainder when z is divided by v?
0
Suppose -2*s + y + 12 = 4*y, -2*y - 56 = -4*s. Let k(n) = -165*n - 3572. Calculate the remainder when k(-22) is divided by s.
10
Let s = 59 + -28. Suppose 263 = -2*y + d, -5*y = -4*d + 452 + 201. Let p = y + 223. What is the remainder when p is divided by s?
28
Suppose -r - 2*r = -2*m - 28, -5*r = -4*m - 48. Suppose -342 = -w - r*w. Suppose -f + 2 = 0, -w = -0*v - v + f. Calculate the remainder when v is divided by 9.
4
Let o = 27 - -37. Suppose -26*a = -22*a + o. Calculate the remainder when 21 is divided by 4/(14/6 - (-32)/a).
9
Suppose -2*a - 8 = -2*h, 5*a = -4*h + h + 12. Let k(q) = -2*q - 7*q + h*q + 1 - 7*q. Calcu